{"id":4,"date":"2015-12-18T16:29:27","date_gmt":"2015-12-18T15:29:27","guid":{"rendered":"http:\/\/metale.pwr.wroc.pl\/?page_id=4"},"modified":"2024-10-15T11:56:07","modified_gmt":"2024-10-15T09:56:07","slug":"dydaktyka","status":"publish","type":"page","link":"https:\/\/metale.pwr.edu.pl\/index.php\/dydaktyka\/","title":{"rendered":"Dydaktyka"},"content":{"rendered":"<h1>Semestr letni 2024\/2025<\/h1>\n<h5>15 pa\u017adziernika 2024 r.<\/h5>\n<p><a href=\"https:\/\/pwr.edu.pl\/fcp\/FGBUKOQtTKlQhbx08SlkTUhZeUTgtCgg9ACFDC0RDTHlBG1gnBVcoFW8SBDRKHg\/1\/public\/2024\/img\/kalendarz_akademicki_2024-25_pl_zimowy_v2.jpg\"><img decoding=\"async\" loading=\"lazy\" class=\"aligncenter\" src=\"https:\/\/pwr.edu.pl\/fcp\/FGBUKOQtTKlQhbx08SlkTUhZeUTgtCgg9ACFDC0RDTHlBG1gnBVcoFW8SBDRKHg\/1\/public\/2024\/img\/kalendarz_akademicki_2024-25_pl_zimowy_v2.jpg\" alt=\"\" width=\"588\" height=\"240\" \/><\/a><\/p>\n<p>Pocz\u0105tek semestru: 02.10.2024 r.<br \/>\nKoniec semestru: 04.02.2025 r.<\/p>\n<h2>Wytyczne dotycz\u0105ce projekt\u00f3w<\/h2>\n<h5>20 sierpnia 2017<\/h5>\n<p>Przed oddaniem projektu prosz\u0119 upewni\u0107 si\u0119, \u017ce Pa\u0144stwa opracowanie spe\u0142nia poni\u017csze wymagania:<\/p>\n<ol>\n<li>Strony \u0107wiczenia s\u0105 przedziurkowane i zwi\u0105zane sznurkiem lub wst\u0105\u017ck\u0105 (nie oddawa\u0107 lu\u017anych kartek),<\/li>\n<li>Rysunki z\u0142o\u017cone do formatu A4 i za\u0142\u0105czone na ko\u0144cu opracowania,<\/li>\n<li>Ca\u0142o\u015b\u0107 z\u0142o\u017cona w papierowej wi\u0105zanej teczce,<\/li>\n<li>Teczka powinna by\u0107 opisana nazw\u0105 przedmiotu, imieniem i nazwiskiem autora, imieniem i nazwiskiem prowadz\u0105cego, semestrem (zimowy, letni) oraz rokiem akademickim.<\/li>\n<\/ol>\n<p>Projekty oprawione plastikow\u0105 listw\u0105, teczk\u0105 z metalowymi w\u0105sami czy jakimikolwiek innymi elementami (zszywkami, spinaczami, klamrami,&#8230;), kt\u00f3re uniemo\u017cliwi\u0105 sprawny recykling nie b\u0119d\u0105 przyjmowane.<\/p>\n<h1><a href=\"http:\/\/metale.pwr.wroc.pl\/index.php\/category\/podstawy\">Konstrukcje metalowe \u2014 podstawy<\/a><\/h1>\n<h1><a href=\"http:\/\/metale.pwr.wroc.pl\/index.php\/category\/elementy\">Konstrukcje metalowe \u2014 elementy i hale<\/a><\/h1>\n<h1><a href=\"http:\/\/metale.pwr.wroc.pl\/index.php\/category\/obiekty-hala\">Konstrukcje metalowe \u2014 obiekty (hala)<\/a><\/h1>\n<h1><a href=\"http:\/\/metale.pwr.wroc.pl\/index.php\/category\/obiekty-wiata\">Konstrukcje metalowe \u2014 obiekty (wiata)<\/a><\/h1>\n<h1><a href=\"http:\/\/metale.pwr.wroc.pl\/index.php\/category\/objects\">Metal structures \u2014 Objects<\/a><\/h1>\n<h1><a href=\"http:\/\/metale.pwr.wroc.pl\/index.php\/category\/TECHSummer\">TECHSummer<\/a><\/h1>\n<h1><a href=\"http:\/\/metale.pwr.wroc.pl\/index.php\/category\/specjalne\">Konstrukcje metalowe \u2014 specjalne<\/a><\/h1>\n","protected":false},"excerpt":{"rendered":"<p>Semestr letni 2024\/2025 15 pa\u017adziernika 2024 r. Pocz\u0105tek semestru: 02.10.2024 r. Koniec semestru: 04.02.2025 r. Wytyczne dotycz\u0105ce projekt\u00f3w 20 sierpnia 2017 Przed oddaniem projektu prosz\u0119 upewni\u0107 si\u0119, \u017ce Pa\u0144stwa opracowanie spe\u0142nia poni\u017csze wymagania: Strony \u0107wiczenia s\u0105 przedziurkowane i zwi\u0105zane sznurkiem &hellip; <a href=\"https:\/\/metale.pwr.edu.pl\/index.php\/dydaktyka\/\">Czytaj dalej <span class=\"meta-nav\">&rarr;<\/span><\/a><\/p>\n","protected":false},"author":1,"featured_media":0,"parent":0,"menu_order":2,"comment_status":"closed","ping_status":"closed","template":"","meta":[],"_links":{"self":[{"href":"https:\/\/metale.pwr.edu.pl\/index.php\/wp-json\/wp\/v2\/pages\/4"}],"collection":[{"href":"https:\/\/metale.pwr.edu.pl\/index.php\/wp-json\/wp\/v2\/pages"}],"about":[{"href":"https:\/\/metale.pwr.edu.pl\/index.php\/wp-json\/wp\/v2\/types\/page"}],"author":[{"embeddable":true,"href":"https:\/\/metale.pwr.edu.pl\/index.php\/wp-json\/wp\/v2\/users\/1"}],"replies":[{"embeddable":true,"href":"https:\/\/metale.pwr.edu.pl\/index.php\/wp-json\/wp\/v2\/comments?post=4"}],"version-history":[{"count":20,"href":"https:\/\/metale.pwr.edu.pl\/index.php\/wp-json\/wp\/v2\/pages\/4\/revisions"}],"predecessor-version":[{"id":2585,"href":"https:\/\/metale.pwr.edu.pl\/index.php\/wp-json\/wp\/v2\/pages\/4\/revisions\/2585"}],"wp:attachment":[{"href":"https:\/\/metale.pwr.edu.pl\/index.php\/wp-json\/wp\/v2\/media?parent=4"}],"curies":[{"name":"wp","href":"https:\/\/api.w.org\/{rel}","templated":true}]}}